Let t be s(z). Let r = -55 + t. What is the remainder when r is divided by 9?
7
Suppose -4*v - 20 = -2*w, -5*w + 13 = -v - 10. Suppose 4*m - 3*k - 25 = 0, w*k - 10 = -m + k. Suppose 5*h = 4 + 6. What is the remainder when m is divided by h?
1
Suppose 4*f - 6 = 2*f - r, -2*f = -r - 14. Let s(b) = 0 - 1 - 7*b + 9*b. Calculate the remainder when 42 is divided by s(f).
6
Let u(f) = 10*f**2 + 25*f + 18. Calculate the remainder when 189 is divided by u(-3).
24
Suppose 0 = 12*g - 683 - 409. Calculate the remainder when 636 is divided by g.
90
Suppose -52 = -2*d - 44. Suppose 0 = -j + 5*j - x - 85, -5*j + d*x = -98. Calculate the remainder when 65 is divided by j.
21
Let z = 1258 + -993. Calculate the remainder when z is divided by 56.
41
Let b(a) = -2*a + 0*a - 18 + 13*a**2 + 6*a - a**3 - 2*a. Calculate the remainder when (2/(-4))/((-3)/126) is divided by b(13).
5
Suppose -3*p - 2*s = -41, 2*s = -2*p + 7*p - 79. What is the remainder when 328 is divided by p?
13
Let l(d) = -d**2 + 4*d + 7. Let c be l(6). Let f(n) = n**2 + 4*n + 2. Calculate the remainder when ((-2)/(-4))/((-2)/(-76)) is divided by f(c).
5
Let b be 1 + 2/((-4)/78). Let w = 83 + b. Calculate the remainder when w is divided by 12.
9
Let f = 937 + -872. Calculate the remainder when 315 is divided by f.
55
Let g = 219 + -131. Calculate the remainder when g is divided by 25.
13
Let f = 11 - -11. Let b = -3 + 3. Suppose -a - n + 34 = b, 5*a + 7*n = 4*n + 180. What is the remainder when a is divided by f?
17
Let h(k) = -k**3 + 15*k**2 - 14*k + 8. Let n be h(14). Suppose 6*q + 5*r + 45 = n*q, 2*r = 2*q - 30. What is the remainder when q is divided by 2/(-1)*6/(-4)?
1
Let l(w) = 3*w**2. What is the remainder when l(-5) is divided by 3?
0
Let l = 75 - 72. Suppose -2*t + t + 77 = -l*z, 5*t + z - 449 = 0. Calculate the remainder when t is divided by 15.
14
Let t(d) = d**3 + 8*d**2 - 72*d + 8. Calculate the remainder when t(-13) is divided by 17.
14
Suppose 401*m + 246 = 407*m. What is the remainder when m is divided by 9?
5
Suppose 4*b + 4*g = 3*g + 228, -2*b + 120 = -g. Suppose -5*f + b = -3*f. Suppose -4*d = -3*d - 16. What is the remainder when f is divided by d?
13
Let h(a) be the second derivative of a**5/20 - 5*a**4/12 - 2*a**2 - 8*a. Calculate the remainder when h(6) is divided by 11.
10
Calculate the remainder when 569 + (-12)/(12/4) is divided by 15.
10
Suppose 0 = -4*o + 77 - 13. What is the remainder when o is divided by 13?
3
Suppose -1 = 4*p - 5*p. Let m be p - (-5 + 2 + 1). What is the remainder when (3/1)/(m/6) is divided by 4?
2
Let s = 886 + -877. Calculate the remainder when 509 is divided by s.
5
Let a(t) = -t**3 + 5*t**2 + 7*t - 9. Let z be a(6). Let v = -7 + 12. Calculate the remainder when (1 + -6)/(3/z) is divided by v.
0
Let d be (5 - 9) + (-1 - 0) + 14. Suppose g = d - 2. Calculate the remainder when 20 is divided by g.
6
Suppose 23*r - 310 = 13*r. Calculate the remainder when 79 is divided by r.
17
Suppose 2*y + w = 577, -3*y + 88*w + 852 = 85*w. Calculate the remainder when y is divided by 99.
89
Let a be (9/5 + -1)*5. Suppose -a*c + 159 = -25. What is the remainder when c is divided by (72/3)/3 - (-2 + -2)?
10
Let q = 11 - 19. Let x be -10*(0 - q/(-20)). Suppose -3*b + 147 = 5*j, -x*j = j. What is the remainder when b is divided by 13?
10
Let x(c) = 2*c**2 + 18*c + 6. Let a(l) = 2*l + 12. Calculate the remainder when a(-3) is divided by x(-9).
0
Suppose -12*m - 18 + 510 = 0. What is the remainder when m is divided by 7?
6
Let j(w) = 4*w**2 + 2*w + 2*w**2 - 2*w**2 + 2 - w**3. Suppose 11*z + 72 = -13*z. What is the remainder when j(z) is divided by 15?
14
Suppose 2*t - 5*m = -t + 6, 2*m = -4*t + 8. Suppose -l = t*l - 174. Suppose -4*w + 46 = -l. What is the remainder when w is divided by 9?
8
Let x(k) = 1439*k + 1466. Let n = 254 - 152. Calculate the remainder when n is divided by x(-1).
21
Let c(r) = -2*r**3 + 56*r**2 - 2*r + 60. Calculate the remainder when 5 is divided by c(28).
1
Suppose -3*y = -5*y + 66. Suppose -15*t = -25*t + 960. Calculate the remainder when t is divided by y.
30
Suppose -329 = m - 331. What is the remainder when -4 - (-276)/20 - (-2)/10 is divided by m?
0
Suppose 5*g - 408 = g. Calculate the remainder when g is divided by (4095/(-63))/(10/(-4)).
24
Suppose -t = -60 - 14. Suppose -4*x - 2*m = -12, 6*x - 2*x = -5*m + 18. Let u = 23 + x. Calculate the remainder when t is divided by u.
24
Suppose -309*n + 267*n + 1638 = 0. Let b = 1 + 2. Let d(q) = 4*q - 2. Calculate the remainder when n is divided by d(b).
9
Let j(o) = o**2 - 5*o + 3. Suppose 3*q - 15 - 3 = 0. Let b be j(q). Suppose 2*a - b - 29 = 3*l, 2*l + 92 = 4*a. Calculate the remainder when a is divided by 13.
12
Let a = -576 - -807. Calculate the remainder when a is divided by 16.
7
Suppose -2*r - 3*a + 11 = 0, 7 = -5*a - 18. Calculate the remainder when 165 is divided by r.
9
Let n(z) = -10*z + 2. Suppose 0 = 4*u + 16 + 4. Let r be n(u). Let a = -30 + r. What is the remainder when 87 is divided by a?
21
Suppose 15731 = 20*n - 1749. What is the remainder when n is divided by 25?
24
Let x be 6/27 + (-151)/(-9). Let t = 469 - 431. Suppose t = -x*w + 19*w. What is the remainder when w is divided by 7?
5
Suppose 7*o - 204 = 69. Suppose o = 7*p - 45. What is the remainder when 58 is divided by p?
10
Let r(o) = o**3 - o**2 + 9*o - 27. Let p = -25 - -113. Calculate the remainder when p is divided by r(3).
16
Let p = -166 - -294. Calculate the remainder when p is divided by 44.
40
What is the remainder when 164 is divided by (11/(-5))/(-4*(-9)/(-540))?
32
Let u = -35 - -56. Calculate the remainder when (-1)/(((-28)/1141)/4) + 4 is divided by u.
20
Suppose 833*s = 835*s - 90. Calculate the remainder when 179 is divided by s.
44
Let o(m) = 7*m + 30. Let z be o(-4). Calculate the remainder when 299 is divided by ((-1)/z + (-55)/(-10))*6.
29
Suppose 2*x = -2*c + 10, -4 - 6 = 2*c - 3*x. Calculate the remainder when c/(-2)*648/(-3) is divided by 37.
34
Let h(n) = 5*n - 1. Let c(z) = 10*z**2 - 2*z - 6. Calculate the remainder when c(3) is divided by h(2).
6
Let d = -16 - -90. What is the remainder when d is divided by 13?
9
Let l be (-1004)/(-28) - 2/(-14). Suppose -l*d + 9 = -35*d. Calculate the remainder when 14 is divided by d.
5
Suppose -4*w + 4 = -20. Suppose -4*s + w = -3*s. Suppose -19 = -n - 5*l, -3*n - s*l = -4*l - 57. What is the remainder when 55 is divided by n?
17
Suppose -140 - 90 = -2*j. What is the remainder when j is divided by 21?
10
Let a = 77 + -42. Calculate the remainder when a is divided by 2 + 7 + (10 - 6).
9
Let j = -53 + 239. What is the remainder when j is divided by 45?
6
Suppose -2*q + 4*m - 20 = -0*q, -q - 5*m = 24. Let k be -5 + (110/(-66))/((-5)/18). Let w = k - q. Calculate the remainder when 39 is divided by w.
9
Let o(u) = 2*u + 28. Let s be o(3). Suppose 0 = -2*t + s + 82. What is the remainder when t is divided by 15?
13
Calculate the remainder when 44 is divided by 10/(-3)*(-1 - 32/40).
2
Suppose 2*j + j - 2*u - 953 = 0, j - 5*u - 322 = 0. Calculate the remainder when j is divided by 23.
18
Let o be 7/((-14)/(-4)) + (-30 - 0). Let f = o - -70. Suppose s = 4*s - 3*i - 18, -31 = -s - 4*i. What is the remainder when f is divided by s?
9
Let x = -1 - -45. Suppose 8*g = 7*g. Suppose g*r - r = -5*i + 3, -5*r - 4*i = -72. Calculate the remainder when x is divided by r.
8
Let v = -25 - -24. Let p = 17 + v. Calculate the remainder when 43 is divided by p.
11
Calculate the remainder when 213 is divided by (-87 - -1)/(-19 - -9 - -8).
41
Suppose 2*i = 2*d - 234, 4*i + 38 = -3*d + 375. What is the remainder when d is divided by 40?
35
What is the remainder when 1484/(21/(147/14)) is divided by 149?
146
Suppose 2*u = -u + 477. Let r = 172 + -132. What is the remainder when u is divided by r?
39
Let v = 22 - -15. Let g = -24 + v. What is the remainder when 64 is divided by g?
12
Suppose x + 0*t + 5*t - 20 = 0, -33 = -2*x - 3*t. Suppose 9 + x = 4*w. Let s = 31 - 8. What is the remainder when s is divided by w?
5
Let g = 25 - 15. Let w be (0 - 8)*(-5)/10. Suppose w*r = -i + 23 + 16, 5*i - 2*r = 195. What is the remainder when i is divided by g?
9
Let p = 1030 + -930. What is the remainder when p is divided by 43?
14
Suppose -3*l = l - 8. Let x(h) = -4*h**l + h + 0*h - 2 - 5*h**3 +